7
What is the greatest common divisor of 14 and 575400?
14
Calculate the greatest common factor of 112195 and 209.
19
What is the greatest common divisor of 56 and 1862252?
28
What is the greatest common divisor of 8 and 236568?
8
Calculate the greatest common divisor of 195 and 24635.
65
What is the greatest common divisor of 46344 and 2664?
24
What is the greatest common divisor of 157493 and 94073?
1057
Calculate the highest common factor of 143 and 1230427.
11
Calculate the greatest common factor of 970 and 782305.
485
Calculate the highest common factor of 272 and 98821.
17
What is the highest common divisor of 35 and 12620?
5
What is the greatest common divisor of 77404 and 9937?
523
What is the highest common divisor of 1874437 and 17?
17
What is the greatest common factor of 143316 and 84?
12
Calculate the highest common divisor of 678 and 2217512.
226
What is the greatest common factor of 33 and 706464?
33
Calculate the highest common factor of 4427 and 3363.
19
What is the greatest common divisor of 877239 and 297?
99
Calculate the highest common divisor of 6 and 5158.
2
Calculate the greatest common factor of 182860 and 3280.
820
What is the greatest common divisor of 76398 and 546?
42
Calculate the greatest common factor of 969 and 149397.
57
Calculate the highest common divisor of 228 and 19342.
38
Calculate the greatest common factor of 3 and 23811.
3
Calculate the greatest common factor of 847847 and 294.
49
What is the highest common divisor of 163199 and 2?
1
Calculate the greatest common divisor of 1875 and 105.
15
What is the highest common divisor of 28 and 21592?
4
What is the greatest common factor of 64246 and 988?
26
Calculate the highest common factor of 1104 and 3104.
16
What is the greatest common divisor of 3 and 134661?
3
What is the greatest common factor of 8456 and 9576?
56
What is the greatest common divisor of 2266 and 12238666?
2266
Calculate the highest common factor of 590 and 5360.
10
Calculate the greatest common divisor of 3618 and 4392.
18
What is the greatest common divisor of 516 and 426108?
12
What is the greatest common divisor of 24 and 135132?
12
What is the greatest common factor of 462945 and 420?
105
What is the highest common factor of 45669 and 26?
13
What is the highest common divisor of 13179 and 276?
69
Calculate the highest common divisor of 4440 and 1189624.
296
What is the highest common factor of 359100 and 675?
675
What is the greatest common factor of 49 and 1088633?
49
What is the highest common divisor of 888 and 1542234?
222
Calculate the greatest common factor of 136 and 2021912.
136
What is the greatest common divisor of 26952 and 72?
24
What is the highest common divisor of 297 and 152394?
33
What is the highest common factor of 24 and 333624?
24
Calculate the greatest common factor of 243918 and 108.
54
Calculate the greatest common divisor of 21 and 75215.
7
Calculate the greatest common factor of 41380 and 100.
20
Calculate the greatest common divisor of 68 and 826132.
68
Calculate the highest common factor of 2532 and 719721.
633
What is the greatest common divisor of 650 and 19630?
130
What is the greatest common divisor of 5154289 and 679?
679
Calculate the highest common factor of 954 and 21306.
318
Calculate the greatest common divisor of 4228302 and 52.
26
What is the greatest common divisor of 2358 and 267764?
262
Calculate the greatest common divisor of 42 and 152142.
6
Calculate the highest common divisor of 134163 and 99.
9
What is the highest common divisor of 2456 and 544004?
1228
Calculate the greatest common divisor of 177 and 76877.
59
Calculate the highest common divisor of 26923 and 218.
109
What is the highest common divisor of 11232 and 424224?
864
Calculate the highest common factor of 6993 and 2849.
259
Calculate the highest common factor of 57 and 1463.
19
What is the greatest common factor of 6 and 2649?
3
Calculate the greatest common divisor of 60472 and 8.
8
Calculate the greatest common divisor of 200 and 597980.
20
What is the highest common factor of 4 and 178468?
4
Calculate the greatest common factor of 109242 and 7938.
378
Calculate the highest common factor of 387 and 47128.
43
Calculate the greatest common divisor of 10774440 and 360.
360
What is the greatest common divisor of 87 and 26854?
29
Calculate the greatest common divisor of 245 and 137935.
245
What is the highest common divisor of 1784 and 22969?
223
What is the highest common factor of 6077 and 6136?
59
What is the greatest common factor of 11 and 46519?
11
What is the highest common divisor of 10 and 8575?
5
Calculate the highest common factor of 500 and 1604.
4
What is the highest common factor of 750 and 175?
25
Calculate the greatest common factor of 61112 and 16.
8
What is the greatest common factor of 67104 and 54?
18
Calculate the greatest common divisor of 1026 and 11742.
114
What is the highest common factor of 2448 and 12087?
153
Calculate the highest common divisor of 59744 and 944.
16
Calculate the greatest common divisor of 100688 and 41168.
496
What is the highest common factor of 376324 and 52?
52
Calculate the greatest common factor of 4848 and 3834.
6
What is the highest common divisor of 376053 and 309?
309
What is the greatest common divisor of 49 and 97657?
49
What is the greatest common divisor of 3298 and 4131?
17
What is the highest common factor of 40 and 107770?
10
What is the highest common divisor of 5855 and 2025?
5
Calculate the highest common factor of 152 and 1658453.
19
Calculate the highest common divisor of 308 and 39578.
154
What is the highest common factor of 1520 and 4351?
19
What is the highest common factor of 1677 and 11362?
13
Calculate the greatest common divisor of 63 and 55041.
21
What is the highest common factor of 169238 and 592?
74
What is the greatest common factor of 22 and 105039?
11
Calculate the highest common divisor of 484 and 43318.
242
What is the highest common factor of 2448 and 289?
17
Calculate the greatest common factor of 109756 and 460.
92
What is the greatest common factor of 647 and 433490?
647
What is the highest common factor of 730 and 11826?
146
Calculate the greatest common divisor of 1786 and 3078.
38
What is the greatest common factor of 1400 and 32606?
14
What is the highest common divisor of 3827 and 26967?
89
Calculate the greatest common factor of 30 and 725370.
30
Calculate the highest common divisor of 455 and 31745.
35
Calculate the highest common factor of 5680 and 9727.
71
What is the greatest common divisor of 173954 and 44?
22
What is the greatest common factor of 664 and 1048?
8
What is the greatest common divisor of 431227 and 23?
23
What is the highest common factor of 4192 and 42144?
32
What is the highest common factor of 18752 and 28714?
586
What is the highest common factor of 292 and 129356?
292
Calculate the highest common divisor of 52120 and 9720.
40
What is the greatest common divisor of 12 and 2517?
3
What is the highest common divisor of 14 and 1558?
2
Calculate the highest common factor of 25877 and 16946.
229
What is the greatest common factor of 16 and 1464464?
16
What is the greatest common factor of 61131 and 117096?
861
What is the greatest common divisor of 12191 and 438?
73
Calculate the highest common divisor of 100 and 75925.
25
What is the greatest common divisor of 143510 and 4068?
226
Calculate the greatest common divisor of 20258 and 3.
1
Calculate the greatest common factor of 401339 and 37.
37
Calculate the greatest common divisor of 7605 and 221715.
585
Calculate the greatest common divisor of 615 and 10742.
41
What is the greatest common divisor of 479803 and 3628?
907
Calculate the highest common divisor of 48789 and 78.
39
What is the highest common factor of 156 and 2388?
12
Calculate the greatest common divisor of 1536 and 8.
8
What is the highest common factor of 672 and 197344?
224
What is the highest common factor of 35739 and 18772?
361
What is the greatest common factor of 113281 and 14?
7
What is the highest common divisor of 20973 and 81?
3
What is the greatest common divisor of 2014846 and 92?
46
Calculate the greatest common factor of 1547 and 13104.
91
What is the highest common factor of 899195 and 55?
55
What is the highest common divisor of 33 